ppose -o = -4*l + 96, 5*l + 0*o - 129 = -o. What is the remainder when l is divided by 7?
4
Let b = 27 + -9. Calculate the remainder when 2*3*(-66)/(-12) is divided by b.
15
Suppose 5*t + 31 = a, -3*a - 2*t + 4 = -21. What is the remainder when 31 is divided by a?
9
Let q = -65 - -82. What is the remainder when 38 is divided by q?
4
Let m be (-172)/20 + (-4)/10. Let l be ((-9)/2)/(m/84). Suppose u - l = -u. What is the remainder when u is divided by 11?
10
Calculate the remainder when 5 is divided by 3*3*(-8)/(-18).
1
Let c(j) = -j**2 + 15*j - 11. What is the remainder when c(11) is divided by 18?
15
Let n(z) = z**2 - z - 5. Let t be n(5). Let k = 4 - 2. Calculate the remainder when t/10 - 6/(-4) is divided by k.
1
Suppose 13*r - 9*r - 60 = 0. Calculate the remainder when 104 is divided by r.
14
Calculate the remainder when 4510/154 - (-4)/(-14) is divided by 18.
11
Suppose 3*f + 2 + 0 = 2*c, 4*f - 28 = -5*c. Suppose -5*j + 13 = 2*b, -4*b + 2*j - 8 - f = 0. What is the remainder when 17 is divided by ((-6)/8)/(b/12)?
8
Let h(i) = 5*i**2 + 0*i + 6*i**2 - 2*i - 2. Let b(d) = -d + 24. Calculate the remainder when h(2) is divided by b(11).
12
Calculate the remainder when 2 + 1 + (34 - 12) is divided by 13.
12
Let c(q) = 3*q + 2. Let l be c(6). Let s = l - 13. What is the remainder when 13 is divided by s?
6
Suppose 0 = -3*f + 26 + 13. Calculate the remainder when 103 is divided by f.
12
Suppose -3*o = 2*o + 4*n, -4*n = -o. Suppose o = -2*x - 4, 0 = -0*r + r - 4*x - 23. What is the remainder when 58 is divided by r?
13
Let f(l) = l + 12. Calculate the remainder when 116 is divided by f(-3).
8
Suppose 0 = -3*z - d - d - 17, -3*d = -4*z. Let l be ((27 - -3)/z)/1. Let k = -2 - l. What is the remainder when 14 is divided by k?
6
Suppose -5*d + y = -65, d = -y + 4 + 3. Let j = -77 + 124. Suppose 0 = 3*s + j - 149. What is the remainder when s is divided by d?
10
Let l = 11 - 6. Suppose 0*h + h = 17. Let c = h + -4. Calculate the remainder when c is divided by l.
3
Let d(i) = -i**2 - 5*i + 3. Let b be d(-5). Let p = -26 - -70. Calculate the remainder when p is divided by 12 - ((-21)/b - -4).
14
Suppose -5*w + 2*w = -33. Suppose n - 3*n + 10 = 0. Suppose -5*d + 32 = -t, 2*t - 28 = -n*d + t. Calculate the remainder when w is divided by d.
5
Let o(v) = -v**3 + 3*v**2 - 2*v + 1. Let z be o(1). What is the remainder when (-4 + z)/(2/(-14)) is divided by 6?
3
Let w(a) = 13*a + 1. Let j be (-2)/(-2)*(-1 - 52). Calculate the remainder when (j/(-2))/((-2)/(-4)) is divided by w(1).
11
Let f = -44 + 79. Suppose 3*z = -z - 3*r + f, 5*z = -4*r + 43. What is the remainder when 31 is divided by z?
9
Suppose 7*t = 6*t + 11. Suppose 115 = 4*v + t. Let y = 32 + -23. Calculate the remainder when v is divided by y.
8
Let t be (-20)/(-3)*(-12)/(-8). What is the remainder when (2 + -3 + 57)*1 is divided by 192/t - 4/20?
18
Let i(l) = -3*l - 20. Let d be i(-14). Suppose 24*n = d*n + 4. Calculate the remainder when 4 is divided by n.
0
Suppose -2*s - 2*s = 2*i - 570, 3*i = 3*s - 405. Suppose -2*f + 3 = -1. Suppose -6*n + s = -f*n. What is the remainder when n is divided by 12?
11
Let z = 34 - 6. What is the remainder when 110 is divided by z?
26
Suppose 3*n = 5*v - 11, 4 = -n - 3*v + 19. Suppose -5*l - 11 + 46 = x, n*x = 15. Calculate the remainder when l is divided by 3.
0
Suppose -27*a + 10 = -26*a. Calculate the remainder when 2*1*38/4 is divided by a.
9
Suppose 0 = -i - x + 12 + 2, 4*i - 24 = 4*x. Suppose -2*r - 2 + i = 0. Calculate the remainder when r is divided by 2.
0
Suppose -3*c + 6*i + 144 = 3*i, 2*i = -4*c + 162. What is the remainder when c is divided by 9?
7
Suppose 2*v = -v + 2*p + 162, 270 = 5*v - 3*p. Suppose 4*f - 26 = v. Calculate the remainder when f is divided by 11.
9
Suppose 3*b - 5 = 2*b. What is the remainder when 18 is divided by b?
3
Let b(t) = t**3 + 5*t**2 - t - 5. Let n be b(-5). Suppose n = 3*w - 8*w + 50. Let h = 44 - 25. What is the remainder when h is divided by w?
9
Suppose t + 4*y + 1 = 0, -5*t + 70 = y - 20. Let w(g) = g**2 - 3*g. Let b be w(4). Suppose -b*h + 50 = h. Calculate the remainder when t is divided by h.
9
Let k = 16 - -15. Let z = -4 + 12. What is the remainder when k is divided by z?
7
Suppose 170 - 80 = 2*b. What is the remainder when b is divided by 16?
13
Let q(u) = -2*u + 4. Let h be q(7). Suppose 5*m + 2 = 77. Calculate the remainder when m is divided by 0/3 - h - 2.
7
Let i(o) = -6*o**2 - 3*o**3 + 8*o**2 + 1 + 0. Calculate the remainder when 64 is divided by i(-2).
31
Suppose -p = 5*m - 141, 2*p - 23 = -m + 7*p. Calculate the remainder when 82 is divided by m.
26
Let q = -29 - -68. What is the remainder when q is divided by 21?
18
Suppose 318 = 6*i - 3*i. What is the remainder when i is divided by 36?
34
Let c = 3 - 1. Suppose -c*g + q = -2, 2*q + 1 + 12 = -5*g. What is the remainder when 27 - (g*2 + 0) is divided by 10?
9
Let c be ((-26)/3)/((-2)/3). Suppose -5*n + 4*y + 21 = 0, -4*n = y - 8 - c. What is the remainder when 21 is divided by n?
1
Let z be 20/15*(-9)/2. Let r(q) = q**3 + 7*q**2 + 3*q - 8. Let k be r(z). Let f = k - -4. What is the remainder when f is divided by 5?
4
Let n = 18 + -11. Suppose -n = -4*w + 65. What is the remainder when w is divided by 10?
8
Calculate the remainder when 30 is divided by 10/(-20)*(-34 + 0).
13
Let l(r) = -r**3 - 6*r**2 - 7*r - 4. Let z(c) = -c**2 + 4. Let t be z(3). What is the remainder when 9 is divided by l(t)?
3
Suppose 3*w - 16 - 53 = 0. Let a = -21 + w. What is the remainder when 3 is divided by a?
1
Let v = 231 - 165. Calculate the remainder when v is divided by 23.
20
Suppose -3*z - 14 = 1, -3*c + 112 = -5*z. What is the remainder when c is divided by 15?
14
Suppose -180 = -15*u + 5*u. Let w(l) = l**3 + 7*l**2 + 5*l + 4. Calculate the remainder when u is divided by w(-6).
8
Let m = -13 + -18. Let h = -8 - m. What is the remainder when 67 is divided by h?
21
Let j(c) = 5*c - 13. What is the remainder when j(3) is divided by 1?
0
Suppose -4*u - u = -945. Calculate the remainder when u is divided by 16.
13
Suppose 3*p - 4*p + 4 = 0. What is the remainder when (-15)/(((-12)/(-8))/(-1)) is divided by p?
2
Suppose 2*o - 5*o - 2*i + 23 = 0, -2*i + 37 = 5*o. What is the remainder when 27 is divided by o?
6
Suppose 2*c - 12 = -3*j, -2*j - c = -6*j + 27. Suppose j = o - 21. What is the remainder when o is divided by 14?
13
Let v = 35 + -4. Suppose -q + 2*c - 2 - 2 = 0, 5*c - v = -q. Calculate the remainder when q is divided by 4.
2
Let d(c) = 7*c**3 + 3*c**2 + c. Let n be d(-2). Calculate the remainder when n/(-10) - (-4)/10 is divided by 2.
1
Suppose 0 = -4*u - 5*c + 76, -5*u + 2*c + 51 + 77 = 0. What is the remainder when 70 is divided by u?
22
Suppose 5*u = 16 + 14. Suppose u*v - 2*v = 0. Suppose 0 = 4*i + 3*m - 68, 0 = -v*m - 2*m. Calculate the remainder when i is divided by 9.
8
Suppose -4 - 5 = -3*r. Suppose 0 = -k + 6*k + 3*l - 40, -4*k - 4*l + 40 = 0. What is the remainder when k is divided by r?
2
Let p(d) = 2*d**2 - 7*d + 5. Let c be p(4). Let m = c - -21. Suppose -a + 2*a = 11. What is the remainder when m is divided by a?
8
Let d = 58 - 39. Suppose -3*h - 3*o = -39, o - 30 + 6 = -2*h. What is the remainder when d is divided by h?
8
Let k(j) = 4*j**2 + 1. Let g be k(-1). Suppose g + 3 = 4*l. Suppose 3 = 5*z - n - 3, -4*z = 3*n - 20. Calculate the remainder when z is divided by l.
0
Suppose -5*n = 16 - 81. Calculate the remainder when ((-9)/(-18))/((-2)/(-92)) is divided by n.
10
Let i = -85 - -105. Let g(z) = 5*z - 6. Let j(w) = -w + 1. Let v(t) = g(t) + 3*j(t). Calculate the remainder when i is divided by v(5).
6
Suppose -3*x + 5*k + 1 + 37 = 0, -5*x = -5*k - 80. Let i(l) = l**2 - 2*l - 7. What is the remainder when x is divided by i(5)?
5
Let k = -1 - -5. Let v(l) = -6*l - 1. Let i(h) = 13*h + 1. Let g(w) = k*i(w) + 7*v(w). What is the remainder when g(2) is divided by 9?
8
Let g(n) = -2*n**2 + 10*n + 7. What is the remainder when g(5) is divided by 4?
3
Let i = 33 + -8. Suppose 0 = -t + 4*x + 4 + i, -28 = -t + 3*x. Calculate the remainder when 49 is divided by t.
24
Suppose 10*x - 115 = 5*x. Calculate the remainder when x is divided by 6.
5
Let u be (6 - 5) + 1*3. Suppose u*n + q - 9 = -4, 2*n + 5*q - 25 = 0. Suppose n = k - 14 - 11. What is the remainder when k